est common divisor of 738 and 522?
18
Calculate the highest common factor of 2236 and 52.
52
What is the greatest common divisor of 60 and 210?
30
What is the greatest common divisor of 1053 and 1989?
117
Calculate the highest common divisor of 18888 and 24.
24
Calculate the highest common factor of 980 and 35.
35
Calculate the greatest common divisor of 11759 and 22.
11
Calculate the highest common factor of 3676 and 4.
4
Calculate the greatest common divisor of 29 and 1421.
29
What is the greatest common factor of 14352 and 78?
78
Calculate the greatest common divisor of 204 and 1020.
204
Calculate the highest common divisor of 326 and 18093.
163
Calculate the highest common factor of 7 and 3.
1
What is the highest common divisor of 160 and 60?
20
Calculate the highest common divisor of 1958 and 4005.
89
What is the highest common factor of 50 and 450?
50
Calculate the greatest common divisor of 32612 and 62.
62
What is the greatest common divisor of 657 and 146?
73
Calculate the greatest common factor of 2133 and 27.
27
What is the greatest common factor of 608 and 133?
19
What is the greatest common divisor of 3780 and 168?
84
Calculate the highest common factor of 20 and 5770.
10
Calculate the highest common divisor of 15 and 465.
15
Calculate the highest common divisor of 119 and 204.
17
What is the greatest common factor of 507 and 325?
13
What is the highest common factor of 52 and 1716?
52
Calculate the highest common factor of 50 and 350.
50
What is the highest common factor of 3971 and 418?
209
Calculate the greatest common factor of 105 and 84.
21
Calculate the greatest common divisor of 13 and 143.
13
Calculate the highest common divisor of 384 and 18.
6
What is the highest common divisor of 118 and 4?
2
What is the highest common factor of 20 and 55?
5
Calculate the greatest common divisor of 655 and 195.
5
Calculate the greatest common divisor of 1050 and 7035.
105
Calculate the highest common divisor of 2948 and 88.
44
What is the highest common factor of 88 and 748?
44
What is the greatest common factor of 25 and 10?
5
Calculate the greatest common divisor of 88 and 2728.
88
Calculate the greatest common divisor of 165 and 550.
55
What is the greatest common divisor of 272 and 1462?
34
What is the greatest common factor of 2516 and 148?
148
Calculate the highest common divisor of 69 and 644.
23
What is the highest common divisor of 26035 and 205?
205
Calculate the highest common divisor of 187 and 34.
17
What is the highest common factor of 660 and 25?
5
What is the greatest common factor of 70 and 50?
10
Calculate the greatest common divisor of 19 and 589.
19
Calculate the greatest common factor of 14430 and 156.
78
What is the highest common factor of 11 and 3?
1
What is the greatest common factor of 30 and 170?
10
What is the greatest common divisor of 516 and 60?
12
What is the greatest common factor of 3228 and 12?
12
What is the highest common divisor of 20 and 260?
20
Calculate the highest common factor of 95 and 931.
19
What is the greatest common factor of 56 and 24?
8
Calculate the highest common divisor of 1333 and 215.
43
Calculate the greatest common divisor of 28 and 140.
28
What is the highest common divisor of 25 and 325?
25
What is the highest common factor of 135 and 5?
5
Calculate the greatest common factor of 16 and 232.
8
What is the highest common factor of 82 and 4?
2
What is the greatest common factor of 189 and 3?
3
Calculate the greatest common divisor of 2355 and 15.
15
Calculate the greatest common factor of 4961 and 22.
11
Calculate the highest common divisor of 26 and 26.
26
What is the greatest common divisor of 534 and 1780?
178
What is the greatest common factor of 76 and 404?
4
Calculate the highest common factor of 155 and 15.
5
Calculate the greatest common factor of 189 and 105.
21
What is the greatest common factor of 1845 and 1640?
205
Calculate the highest common divisor of 1856 and 128.
64
What is the greatest common divisor of 12447 and 81?
27
Calculate the highest common factor of 133 and 126.
7
What is the highest common divisor of 70 and 70?
70
Calculate the greatest common divisor of 68 and 51.
17
Calculate the greatest common factor of 153 and 204.
51
Calculate the greatest common factor of 152 and 57.
19
What is the highest common divisor of 330 and 726?
66
Calculate the greatest common divisor of 646 and 102.
34
What is the greatest common factor of 27 and 6?
3
What is the highest common factor of 3 and 4?
1
Calculate the greatest common factor of 24 and 128.
8
What is the highest common factor of 424 and 53?
53
Calculate the greatest common divisor of 162 and 8.
2
What is the greatest common divisor of 192 and 6?
6
Calculate the greatest common factor of 3072 and 12.
12
What is the greatest common divisor of 14 and 154?
14
Calculate the greatest common divisor of 308 and 24178.
154
What is the highest common divisor of 527 and 153?
17
What is the greatest common divisor of 2 and 2942?
2
Calculate the highest common divisor of 1014 and 6.
6
What is the greatest common factor of 1444 and 1805?
361
What is the highest common factor of 59 and 55283?
59
Calculate the greatest common divisor of 3362 and 328.
82
What is the greatest common factor of 10 and 31770?
10
Calculate the greatest common divisor of 4782 and 6.
6
What is the highest common divisor of 1980 and 240?
60
Calculate the greatest common factor of 24 and 2376.
24
What is the highest common divisor of 136 and 6?
2
What is the greatest common factor of 72 and 91?
1
Calculate the highest common divisor of 10 and 1210.
10
What is the highest common divisor of 34 and 7106?
34
What is the greatest common divisor of 7 and 189?
7
What is the highest common divisor of 5 and 6265?
5
What is the highest common divisor of 9673 and 17?
17
What is the highest common factor of 3 and 27?
3
What is the greatest common factor of 1786 and 38?
38
What is the highest common factor of 300 and 5?
5
Calculate the highest common divisor of 348 and 3306.
174
What is the highest common factor of 6061 and 22?
11
What is the greatest common factor of 64 and 1840?
16
Calculate the greatest common divisor of 147 and 931.
49
What is the greatest common divisor of 33 and 111243?
33
What is the greatest common divisor of 208 and 1976?
104
Calculate the greatest common divisor of 28 and 84.
28
What is the highest common divisor of 38 and 5567?
19
What is the greatest common divisor of 552 and 24?
24
What is the highest common factor of 100 and 4?
4
What is the greatest common factor of 22 and 9548?
22
What is the greatest common divisor of 68 and 4097?
17
What is the greatest common divisor of 5365 and 555?
185
Calculate the greatest common divisor of 44 and 1991.
11
What is the greatest common divisor of 132 and 240?
12
Calculate the greatest common factor of 8 and 16424.
8
What is the highest common divisor of 50 and 650?
50
What is the highest common factor of 501 and 2672?
167
Calculate the highest common divisor of 336 and 777.
21
Calculate the greatest common factor of 52 and 702.
26
What is the greatest common factor of 1162 and 42?
14
What is the greatest common factor of 33 and 759?
33
Calculate the highest common divisor of 74 and 2.
2
What is the highest common factor of 1425 and 75?
75
Calculate the greatest common divisor of 949 and 78.
13
What is the highest common divisor of 8 and 2248?
8
Calculate the highest common divisor of 345 and 3910.
115
What is the highest common factor of 170 and 374?
34
What is the highest common divisor of 1702 and 230?
46
What is the greatest common factor of 1991 and 11584?
181
Calculate the greatest common divisor of 960 and 60.
60
Calculate the highest common factor of 310 and 558.
62
What is the highest common factor of 8376 and 24?
24
What is the greatest common divisor of 558 and 26?
2
Calculate the highest common divisor of 153 and 63.
9
What is the highest common factor of 336 and 192?
48
Calculate the greatest common factor of 75 and 5275.
25
Calculate the greatest common divisor of 1848 and 104.
8
What is the greatest common factor of 90 and 1130?
10
Calculate the greatest common factor of 41 and 369.
41
Calculate the highest common factor of 330 and 270.
30
Calculate the highest common divisor